y = -8*y - 1173, 5*y = 2*d - 2334. Is d composite?
True
Let k(s) = s**3 - 65*s**2 + 216*s - 1997. Is k(79) composite?
True
Is -7 + (-5496474)/(-6) + 49/7 + -16 a prime number?
False
Suppose r = 17*l - 15*l - 385082, -4*l + r = -770160. Is l a composite number?
False
Let l = -460 - -898. Let i = l + -83. Suppose 2*r + 2*r - 3*q = i, -10 = 2*q. Is r a prime number?
False
Let b = 16987 - 7650. Is b prime?
True
Let w = 5806 - -85. Is w a composite number?
True
Let s(x) = 4317*x - 9040. Is s(7) a composite number?
False
Let g(j) = -259*j**2 + 3. Suppose -4*z = -5*p + 17, -z = -p + 2*p + 11. Let x(o) = -388*o**2 + 5. Let k(d) = z*g(d) + 5*x(d). Is k(1) a composite number?
True
Suppose 2 = -5*r - 5*u - 8, -5*r + 5*u = -10. Suppose m - 11925 = -4*x, r = -m + 2*m - 2*x - 11955. Is m composite?
True
Suppose -68*b + 81*b = 116701. Is b prime?
False
Let m = 22 + -19. Let c be 0 + (7 - m) + -1. Suppose -7*w = -c*w - 3556. Is w prime?
False
Let v(p) = -22*p**2 - 6*p + 2. Let y(f) = -4*f + 38. Let q be y(10). Let h be v(q). Let x = 129 + h. Is x composite?
True
Suppose 7*u = 14 - 21. Is (23697/36)/(u/(-4)) a composite number?
False
Is -2585*(-598)/780 - 2/(-12) a composite number?
True
Is (-3)/2*58091276/(-366) composite?
False
Let w(c) be the third derivative of -5129*c**6/120 - c**4/8 - c**3/2 + 59*c**2. Is w(-1) prime?
False
Suppose 24*w - 270334 = 488954. Is w a composite number?
True
Let i = 80 + -89. Is (i/36 + 135/12)*79 a prime number?
False
Let t(p) = -9*p + 13. Let c be t(-5). Let o = -53 + c. Suppose 5277 = o*z - 2*z. Is z composite?
False
Suppose 2*w + g = 23240, 3*w - 40775 = 4*g - 5915. Suppose 0 = -4*n + 5*p + 11624, 0*n + 4*p + w = 4*n. Is n a composite number?
True
Let o = -18000 + 73331. Is o prime?
True
Suppose -3*g - 8*w = -7*w + 14, -5*g - 22 = w. Is (g - -3950)*1/6*3 a composite number?
False
Let x(s) = -s**3 - 5*s**2 + 35*s - 34. Suppose -45 = 4*z + 8*u - 3*u, -4*u + 27 = -z. Is x(z) prime?
False
Suppose -5*f + 342 = -633. Let w = f + 712. Is w a composite number?
False
Let d(b) = 529*b - 622*b + 83 + 52. Is d(-8) a composite number?
True
Suppose -4*r - 5*x = -119, -5*r - 2*x + 158 = -5*x. Let b = 7040 + -6871. Suppose 2*o + r = b. Is o a composite number?
True
Suppose 3*y = y. Suppose 0 = -5*l - 2*t + 21, l + y*t + 3*t + 1 = 0. Suppose -b + 2*h + 81 = 0, -134 - 295 = -l*b + 4*h. Is b a composite number?
False
Suppose 89*d - 212724 - 7394195 = 0. Is d composite?
True
Suppose -k - 2*v = -8, 0 = -5*k - 3*v + 9 + 3. Suppose 14*g - 3*g - 27610 = k. Suppose 0 = -13*j + 3*j + g. Is j prime?
True
Suppose 956 = 3*f - 769. Suppose 0 = -579*i + f*i + 2332. Is i prime?
False
Let k be (16 - 9 - 5) + -1. Is 35517 + k/((-2)/(-8)) composite?
False
Suppose 5*z = -28 - 77. Let h(a) = 7*a**2 - 8*a - 72. Is h(z) prime?
False
Let y(j) = 58*j + 30*j**2 - 42*j - 129 - 18*j. Is y(-14) a prime number?
True
Suppose -m + 29398 = -5*f - 41329, -141430 = -2*m - 2*f. Is m a composite number?
False
Let k = -496 + 1550. Is k/10 - (-6)/10 composite?
True
Let d(x) = x**3 - 5*x**2 + 2*x - 3. Let a(r) = -3*r**3 + 10*r**2 - 5*r + 7. Let c(u) = -2*a(u) - 5*d(u). Let v be c(-5). Is (174 - (-3 - v))/2 prime?
True
Let s = -171233 + 290542. Is s a prime number?
False
Let d = 968 + 373. Suppose -49*o + 47*o + 4 = 0. Suppose 2*j - 1361 = -3*h, -2*j = h - o*h - d. Is j composite?
False
Let g be ((-2)/(-7) + (-4)/14)/(-2). Let n(j) = 11*j + 3455. Is n(g) a prime number?
False
Let h(b) = b**3 + b**2 + b + 471. Let k be 126/(-21)*(2/(-6) - -1). Let y be (-5 - k)*(1 + -4 + 3). Is h(y) prime?
False
Is ((-57264)/(-72))/((-4)/(-66)) a composite number?
True
Let m(o) = 24 - 176*o + 31*o - 13. Let k be m(-15). Is 4 + (k/4)/(4/8) composite?
False
Suppose 0 = -4*z - 2*g - 4, -26 = 33*z - 31*z - 5*g. Is ((-3)/(-3))/(z/(-4803)) a prime number?
True
Is (-39)/(-18)*131258 + 6/9 + 0 a composite number?
True
Let x be (2/3 + (-63)/(-27))*1. Suppose -p - x*g = -22306, -111519 = -6*p + p - 4*g. Is p prime?
True
Let x be ((-4)/(-7))/((-2)/(-7) - 0). Let m be x + 308/4 + -3. Suppose -y = 39 - m. Is y prime?
True
Let w be 1/(2/(-24)*-3). Let f(x) = 80*x + 3. Let u(c) = 402*c + 15. Let l(n) = 11*f(n) - 2*u(n). Is l(w) composite?
False
Suppose 3*p - 2770 = 2*p. Suppose -10*l = -21 - 59. Suppose 13*m - l*m - p = 0. Is m a composite number?
True
Let j(w) = 9 + 22*w**3 + 3*w**2 + 0*w - 23*w**3 + 3*w. Let a be j(4). Suppose -4*n = a*k - 313, -4*n = -5*k - 0*n + 337. Is k prime?
False
Suppose -y + 2*a + 3*a = -412, 0 = 5*y - 5*a - 2140. Suppose 4*f = 0, 52 = g - 4*f + 161. Let n = y + g. Is n composite?
True
Suppose -107678 - 68565 = -2*m - 3*b, 0 = -m - 2*b + 88123. Is m prime?
True
Let k = 474148 - 314071. Is k prime?
False
Let v be (-7)/((-35)/10) - (-1)/1. Suppose -55*t = -v*t - 52936. Is t prime?
False
Let p(x) = 2986*x - 727. Is p(50) composite?
False
Suppose -2182706 = 59*u + 5*u - 35543794. Is u a prime number?
True
Let o = -4 - -9. Suppose d + 165 = -2*w + 589, 0 = o*d. Suppose -28*g = -24*g - w. Is g composite?
False
Let n = 13415 + -8449. Let f = 1767 + n. Is f prime?
True
Let d be 47824/2 + (40/2)/(-5). Suppose -12*f + d = -23408. Is f a composite number?
False
Suppose -4*x + 10*x = -7*x. Is x/2 - (-2 - 9531) a prime number?
True
Let x(b) = 671*b + 276. Is x(13) prime?
True
Let a(h) = -286*h**2 + 12*h - 24. Let v be a(5). Is v/(-5) - (-3)/30*2 a composite number?
False
Suppose -3*r + 9*r + 6*r = 0. Is ((-2721)/2 - r)*(-16)/24 a composite number?
False
Suppose -4*q = -5*t - 357284 - 266399, 2*q + 5*t = 311819. Is q composite?
True
Is 7173 - (42 - 0)/(-3) a prime number?
True
Suppose 152*j + 223*j - 115252891 = -16874266. Is j a prime number?
False
Let s be ((-60)/(-90))/(2/456). Suppose 0 = 153*g - s*g - 2459. Is g a composite number?
False
Suppose l + 4 = 9, -5*l + 19 = -p. Suppose -p*g = 7 + 11. Is (-1 + 2560/(-15))*g prime?
False
Let p = 33923 - -46214. Is p a prime number?
False
Let h be (-11)/((1 - 8) + 8). Let t(w) = 27*w**3 + w. Let u be t(1). Let r = u - h. Is r prime?
False
Suppose -j - 4*o = -2*j + 3780, -4*o - 11300 = -3*j. Suppose 9*f - j = -f. Let u = -41 + f. Is u composite?
True
Let b = -686 + 688. Is 8/((-192)/(-181836))*b/3 a prime number?
True
Let t be 1252/14 + (-51)/119. Let y = -87 + t. Suppose 4*o = 0, y*b - o - 838 = o. Is b a composite number?
False
Let o be -6*(-222)/12 - (1 - 3). Let j = o + -68. Suppose -j = -x - 4*t, -7*x + 263 = -2*x + t. Is x a composite number?
False
Let d(h) = 92*h + 75. Is d(62) a prime number?
True
Let q(h) = -2*h**2 + 5*h. Suppose 0*u = 7*u - 14. Let z be q(u). Suppose -4*i - 4*b + 0*b = -7888, z*b + 7894 = 4*i. Is i composite?
False
Let c be 8/1 + (3 - 4). Let h be 6/(-2) - (-21)/c. Suppose -2*j = -2*i - 3*i - 628, -4*j + 3*i + 1270 = h. Is j prime?
False
Let q(g) = 41*g**3 - g**2 + 4*g + 1. Let r be q(-3). Let b = -498 - r. Is b composite?
True
Let y = 90 - 83. Suppose -y*d - 2 = -23. Suppose 994 = -2*u - 5*r + 5159, u - d*r - 2110 = 0. Is u a prime number?
False
Let h(x) = 10*x**2 + 19*x + 2. Suppose 3*a = 4*v + 33, 4*v + 29 = a - 6. Is h(v) prime?
True
Let a(v) = v**3 - 11*v**2 + 11*v - 10. Let m be a(10). Suppose m = 3*y - 7*y + 1008. Suppose y = 3*q + 5*p, -170 = 3*q - 5*q - 4*p. Is q a composite number?
False
Let v = -30875 - -193084. Is v a composite number?
False
Suppose -447*f + 538*f = 222796301. Is f a prime number?
True
Let w = -163265 - -336114. Is w composite?
False
Suppose -5*n + j = -88493 - 77013, 2*j = -2. Is n prime?
False
Suppose -4*w + 8 = 0, -14*l + 18*l + 4*w = 328400. Suppose l = 10*h - 4*h. Is h a composite number?
True
Let s be 3/1 + 0 - (-9)/1. Let g = 312 - s. Let o = g - 161. Is o a prime number?
True
Let m be 19/6 - ((-1246)/84 + 14). Is m - (-2709)/(-14)*-18 a composite number?
True
Let h = 98786 - 39453. Is h a composite number?
False
Let h = 1523 - -19350. Is h composite?
False
Let t = 50 + -40. Let d = 6 - t. Let s(p) = -73*p + 3. Is s(d) prime?
False
Suppose -9*n = 4*n - 128895. Let w = -6556 + n. Is w a composite number?
False
Is 75365/(-7)*(-21)/(-9)*-3 a prime number?
False
Is -9 - (12 - 10 - 211138/1) a prime number?
False
Let g = 100 + -100. Suppose -21*r + g*r + 92757 = 0. Is r composite?
True
Suppose 0*g + 5*i + 9 = g, 3*g + 4*i - 8 = 0. Let u be 90/(-2 - 16) + (6 - -1). Suppose -u*x = -g*o - 1186, 